{"id":10,"date":"2017-07-23T17:59:49","date_gmt":"2017-07-23T20:59:49","guid":{"rendered":"https:\/\/grupoestrutural.com.br\/eurotop\/?page_id=10"},"modified":"2024-07-31T17:43:56","modified_gmt":"2024-07-31T20:43:56","slug":"eurotop","status":"publish","type":"page","link":"https:\/\/grupoestrutural.com.br\/eurotop\/","title":{"rendered":"Sobre"},"content":{"rendered":"<p>A Estrutural Eurotop oferece telhas de concreto da mais alta qualidade, produzidas atrav\u00e9s de processos totalmente automatizados em uma das maiores f\u00e1bricas de telhas da Am\u00e9rica Latina.<\/p>\n<p>Com design moderno e tecnologia de ponta, a Estrutural Eurotop disp\u00f5e de uma grande variedade de telhas que se encaixam perfeitamente em sua obra ou restaura\u00e7\u00e3o, deixando seu projeto da forma que voc\u00ea idealizou.<\/p>\n<p>Al\u00e9m disso, possu\u00edmos uma central de atendimento t\u00e9cnico dotada de laborat\u00f3rio de testes e de controle de qualidade, garantindo assim que os melhores produtos cheguem at\u00e9 voc\u00ea, que busca solu\u00e7\u00f5es econ\u00f4micas e eficientes para sua decora\u00e7\u00e3o ou restaura\u00e7\u00e3o. Confira aqui nossos produtos ou, se preferir, entre em contato com um de nossos revendedores.<\/p>\n","protected":false},"excerpt":{"rendered":"<p>A Estrutural Eurotop oferece telhas de concreto da mais alta qualidade, produzidas atrav\u00e9s de processos totalmente automatizados em uma das maiores f\u00e1bricas de telhas da Am\u00e9rica Latina. Com design moderno e tecnologia de ponta, a Estrutural Eurotop disp\u00f5e de uma grande variedade de telhas que se encaixam perfeitamente em sua obra ou restaura\u00e7\u00e3o, deixando seu [&hellip;]<\/p>\n","protected":false},"author":1,"featured_media":0,"parent":0,"menu_order":0,"comment_status":"closed","ping_status":"closed","template":"template-parts\/template-landing.php","meta":[],"yoast_head":"<!-- This site is optimized with the Yoast SEO plugin v20.6 - https:\/\/yoast.com\/wordpress\/plugins\/seo\/ -->\n<title>Telhas de concreto e cer\u00e2mica | Estrutural Eurotop \u2013 Grupo Estrutural<\/title>\n<meta name=\"description\" content=\"Encontre solu\u00e7\u00f5es em telhas de concreto e cer\u00e2mica com as telhas Eurotop. Produtos certificados pelo Centro Cer\u00e2mico do Brasil - CCB em parceria com o Inmetro.\" \/>\n<meta name=\"robots\" content=\"index, follow, max-snippet:-1, max-image-preview:large, max-video-preview:-1\" \/>\n<link rel=\"canonical\" href=\"https:\/\/grupoestrutural.com.br\/eurotop\/\" \/>\n<meta property=\"og:locale\" content=\"en_US\" \/>\n<meta property=\"og:type\" content=\"article\" \/>\n<meta property=\"og:title\" content=\"Telhas de concreto e cer\u00e2mica | Estrutural Eurotop \u2013 Grupo Estrutural\" \/>\n<meta property=\"og:description\" content=\"Encontre solu\u00e7\u00f5es em telhas de concreto e cer\u00e2mica com as telhas Eurotop. Produtos certificados pelo Centro Cer\u00e2mico do Brasil - CCB em parceria com o Inmetro.\" \/>\n<meta property=\"og:url\" content=\"https:\/\/grupoestrutural.com.br\/eurotop\/\" \/>\n<meta property=\"og:site_name\" content=\"Estrutural Eurotop\" \/>\n<meta property=\"article:modified_time\" content=\"2024-07-31T20:43:56+00:00\" \/>\n<meta name=\"twitter:card\" content=\"summary_large_image\" \/>\n<meta name=\"twitter:label1\" content=\"Est. reading time\" \/>\n\t<meta name=\"twitter:data1\" content=\"1 minute\" \/>\n<script type=\"application\/ld+json\" class=\"yoast-schema-graph\">{\"@context\":\"https:\/\/schema.org\",\"@graph\":[{\"@type\":\"WebPage\",\"@id\":\"https:\/\/grupoestrutural.com.br\/eurotop\/\",\"url\":\"https:\/\/grupoestrutural.com.br\/eurotop\/\",\"name\":\"Telhas de concreto e cer\u00e2mica | Estrutural Eurotop \u2013 Grupo Estrutural\",\"isPartOf\":{\"@id\":\"https:\/\/grupoestrutural.com.br\/eurotop\/#website\"},\"datePublished\":\"2017-07-23T20:59:49+00:00\",\"dateModified\":\"2024-07-31T20:43:56+00:00\",\"description\":\"Encontre solu\u00e7\u00f5es em telhas de concreto e cer\u00e2mica com as telhas Eurotop. Produtos certificados pelo Centro Cer\u00e2mico do Brasil - CCB em parceria com o Inmetro.\",\"inLanguage\":\"en-US\",\"potentialAction\":[{\"@type\":\"ReadAction\",\"target\":[\"https:\/\/grupoestrutural.com.br\/eurotop\/\"]}]},{\"@type\":\"WebSite\",\"@id\":\"https:\/\/grupoestrutural.com.br\/eurotop\/#website\",\"url\":\"https:\/\/grupoestrutural.com.br\/eurotop\/\",\"name\":\"Estrutural Eurotop\",\"description\":\"\",\"potentialAction\":[{\"@type\":\"SearchAction\",\"target\":{\"@type\":\"EntryPoint\",\"urlTemplate\":\"https:\/\/grupoestrutural.com.br\/eurotop\/?s={search_term_string}\"},\"query-input\":\"required name=search_term_string\"}],\"inLanguage\":\"en-US\"}]}<\/script>\n<!-- \/ Yoast SEO plugin. -->","yoast_head_json":{"title":"Telhas de concreto e cer\u00e2mica | Estrutural Eurotop \u2013 Grupo Estrutural","description":"Encontre solu\u00e7\u00f5es em telhas de concreto e cer\u00e2mica com as telhas Eurotop. Produtos certificados pelo Centro Cer\u00e2mico do Brasil - CCB em parceria com o Inmetro.","robots":{"index":"index","follow":"follow","max-snippet":"max-snippet:-1","max-image-preview":"max-image-preview:large","max-video-preview":"max-video-preview:-1"},"canonical":"https:\/\/grupoestrutural.com.br\/eurotop\/","og_locale":"en_US","og_type":"article","og_title":"Telhas de concreto e cer\u00e2mica | Estrutural Eurotop \u2013 Grupo Estrutural","og_description":"Encontre solu\u00e7\u00f5es em telhas de concreto e cer\u00e2mica com as telhas Eurotop. Produtos certificados pelo Centro Cer\u00e2mico do Brasil - CCB em parceria com o Inmetro.","og_url":"https:\/\/grupoestrutural.com.br\/eurotop\/","og_site_name":"Estrutural Eurotop","article_modified_time":"2024-07-31T20:43:56+00:00","twitter_card":"summary_large_image","twitter_misc":{"Est. reading time":"1 minute"},"schema":{"@context":"https:\/\/schema.org","@graph":[{"@type":"WebPage","@id":"https:\/\/grupoestrutural.com.br\/eurotop\/","url":"https:\/\/grupoestrutural.com.br\/eurotop\/","name":"Telhas de concreto e cer\u00e2mica | Estrutural Eurotop \u2013 Grupo Estrutural","isPartOf":{"@id":"https:\/\/grupoestrutural.com.br\/eurotop\/#website"},"datePublished":"2017-07-23T20:59:49+00:00","dateModified":"2024-07-31T20:43:56+00:00","description":"Encontre solu\u00e7\u00f5es em telhas de concreto e cer\u00e2mica com as telhas Eurotop. Produtos certificados pelo Centro Cer\u00e2mico do Brasil - CCB em parceria com o Inmetro.","inLanguage":"en-US","potentialAction":[{"@type":"ReadAction","target":["https:\/\/grupoestrutural.com.br\/eurotop\/"]}]},{"@type":"WebSite","@id":"https:\/\/grupoestrutural.com.br\/eurotop\/#website","url":"https:\/\/grupoestrutural.com.br\/eurotop\/","name":"Estrutural Eurotop","description":"","potentialAction":[{"@type":"SearchAction","target":{"@type":"EntryPoint","urlTemplate":"https:\/\/grupoestrutural.com.br\/eurotop\/?s={search_term_string}"},"query-input":"required name=search_term_string"}],"inLanguage":"en-US"}]}},"_links":{"self":[{"href":"https:\/\/grupoestrutural.com.br\/eurotop\/wp-json\/wp\/v2\/pages\/10"}],"collection":[{"href":"https:\/\/grupoestrutural.com.br\/eurotop\/wp-json\/wp\/v2\/pages"}],"about":[{"href":"https:\/\/grupoestrutural.com.br\/eurotop\/wp-json\/wp\/v2\/types\/page"}],"author":[{"embeddable":true,"href":"https:\/\/grupoestrutural.com.br\/eurotop\/wp-json\/wp\/v2\/users\/1"}],"replies":[{"embeddable":true,"href":"https:\/\/grupoestrutural.com.br\/eurotop\/wp-json\/wp\/v2\/comments?post=10"}],"version-history":[{"count":25,"href":"https:\/\/grupoestrutural.com.br\/eurotop\/wp-json\/wp\/v2\/pages\/10\/revisions"}],"predecessor-version":[{"id":1114,"href":"https:\/\/grupoestrutural.com.br\/eurotop\/wp-json\/wp\/v2\/pages\/10\/revisions\/1114"}],"wp:attachment":[{"href":"https:\/\/grupoestrutural.com.br\/eurotop\/wp-json\/wp\/v2\/media?parent=10"}],"curies":[{"name":"wp","href":"https:\/\/api.w.org\/{rel}","templated":true}]}}