{"id":5,"date":"2017-07-30T19:25:07","date_gmt":"2017-07-30T19:25:07","guid":{"rendered":"https:\/\/grupoestrutural.com.br\/betonit\/?page_id=5"},"modified":"2024-07-31T20:40:27","modified_gmt":"2024-07-31T20:40:27","slug":"estrutural-betonit","status":"publish","type":"page","link":"https:\/\/grupoestrutural.com.br\/usinas-basalto\/","title":{"rendered":"Sobre"},"content":{"rendered":"<p>As Usinas Basalto \u00e9 uma empresa especializada em fornecer massa asf\u00e1ltica de alta qualidade para as mais diversas aplica\u00e7\u00f5es. Com anos de experi\u00eancia no mercado, somos reconhecidos pela excel\u00eancia de nossos produtos e pelo compromisso com a satisfa\u00e7\u00e3o de nossos clientes.<\/p>\n<p>A massa asf\u00e1ltica \u00e9 um produto de extrema import\u00e2ncia para a constru\u00e7\u00e3o civil, sendo utilizada em obras de pavimenta\u00e7\u00e3o, recupera\u00e7\u00e3o de asfalto e impermeabiliza\u00e7\u00e3o de superf\u00edcies. N\u00f3s do Grupo Estrutural trabalhamos com uma ampla variedade de massas asf\u00e1lticas, cada uma especificamente desenvolvida para atender \u00e0s necessidades de nossos clientes.<\/p>\n<p>Nossos produtos s\u00e3o fabricados com mat\u00e9rias-primas de alta qualidade, seguindo rigorosos padr\u00f5es de seguran\u00e7a e qualidade. Al\u00e9m disso, contamos com uma equipe altamente qualificada e equipamentos de \u00faltima gera\u00e7\u00e3o para garantir que cada produto que sai de nossa f\u00e1brica esteja em conformidade com as normas t\u00e9cnicas vigentes.<\/p>\n<p>As Usinas Basalto&nbsp;tem como compromisso fornecer massa asf\u00e1ltica de alta qualidade e com um atendimento personalizado, que atenda \u00e0s necessidades espec\u00edficas de cada cliente. Se voc\u00ea precisa de um produto confi\u00e1vel e de qualidade para suas obras, n\u00e3o hesite em entrar em contato conosco e conhecer mais sobre nossos produtos e servi\u00e7os.<\/p>\n","protected":false},"excerpt":{"rendered":"<p>As Usinas Basalto \u00e9 uma empresa especializada em fornecer massa asf\u00e1ltica de alta qualidade para as mais diversas aplica\u00e7\u00f5es. Com anos de experi\u00eancia no mercado, somos reconhecidos pela excel\u00eancia de nossos produtos e pelo compromisso com a satisfa\u00e7\u00e3o de nossos clientes. A massa asf\u00e1ltica \u00e9 um produto de extrema import\u00e2ncia para a constru\u00e7\u00e3o civil, sendo [&hellip;]<\/p>\n","protected":false},"author":1,"featured_media":197,"parent":0,"menu_order":0,"comment_status":"closed","ping_status":"closed","template":"template-parts\/template-landing.php","meta":[],"yoast_head":"<!-- This site is optimized with the Yoast SEO plugin v20.6 - https:\/\/yoast.com\/wordpress\/plugins\/seo\/ -->\n<title>Sobre - Usinas Basalto<\/title>\n<meta name=\"robots\" content=\"index, follow, max-snippet:-1, max-image-preview:large, max-video-preview:-1\" \/>\n<link rel=\"canonical\" href=\"https:\/\/grupoestrutural.com.br\/usinas-basalto\/\" \/>\n<meta property=\"og:locale\" content=\"en_US\" \/>\n<meta property=\"og:type\" content=\"article\" \/>\n<meta property=\"og:title\" content=\"Sobre - Usinas Basalto\" \/>\n<meta property=\"og:description\" content=\"As Usinas Basalto \u00e9 uma empresa especializada em fornecer massa asf\u00e1ltica de alta qualidade para as mais diversas aplica\u00e7\u00f5es. Com anos de experi\u00eancia no mercado, somos reconhecidos pela excel\u00eancia de nossos produtos e pelo compromisso com a satisfa\u00e7\u00e3o de nossos clientes. A massa asf\u00e1ltica \u00e9 um produto de extrema import\u00e2ncia para a constru\u00e7\u00e3o civil, sendo [&hellip;]\" \/>\n<meta property=\"og:url\" content=\"https:\/\/grupoestrutural.com.br\/usinas-basalto\/\" \/>\n<meta property=\"og:site_name\" content=\"Usinas Basalto\" \/>\n<meta property=\"article:modified_time\" content=\"2024-07-31T20:40:27+00:00\" \/>\n<meta property=\"og:image\" content=\"https:\/\/grupoestrutural.com.br\/usinas-basalto\/wp-content\/uploads\/2018\/04\/massa-asfaltica.jpg\" \/>\n\t<meta property=\"og:image:width\" content=\"1614\" \/>\n\t<meta property=\"og:image:height\" content=\"643\" \/>\n\t<meta property=\"og:image:type\" content=\"image\/jpeg\" \/>\n<meta name=\"twitter:card\" content=\"summary_large_image\" \/>\n<meta name=\"twitter:label1\" content=\"Est. reading time\" \/>\n\t<meta name=\"twitter:data1\" content=\"1 minute\" \/>\n<script type=\"application\/ld+json\" class=\"yoast-schema-graph\">{\"@context\":\"https:\/\/schema.org\",\"@graph\":[{\"@type\":\"WebPage\",\"@id\":\"https:\/\/grupoestrutural.com.br\/usinas-basalto\/\",\"url\":\"https:\/\/grupoestrutural.com.br\/usinas-basalto\/\",\"name\":\"Sobre - Usinas Basalto\",\"isPartOf\":{\"@id\":\"https:\/\/grupoestrutural.com.br\/usinas-basalto\/#website\"},\"datePublished\":\"2017-07-30T19:25:07+00:00\",\"dateModified\":\"2024-07-31T20:40:27+00:00\",\"inLanguage\":\"en-US\",\"potentialAction\":[{\"@type\":\"ReadAction\",\"target\":[\"https:\/\/grupoestrutural.com.br\/usinas-basalto\/\"]}]},{\"@type\":\"WebSite\",\"@id\":\"https:\/\/grupoestrutural.com.br\/usinas-basalto\/#website\",\"url\":\"https:\/\/grupoestrutural.com.br\/usinas-basalto\/\",\"name\":\"Usinas Basalto\",\"description\":\"\",\"potentialAction\":[{\"@type\":\"SearchAction\",\"target\":{\"@type\":\"EntryPoint\",\"urlTemplate\":\"https:\/\/grupoestrutural.com.br\/usinas-basalto\/?s={search_term_string}\"},\"query-input\":\"required name=search_term_string\"}],\"inLanguage\":\"en-US\"}]}<\/script>\n<!-- \/ Yoast SEO plugin. -->","yoast_head_json":{"title":"Sobre - Usinas Basalto","robots":{"index":"index","follow":"follow","max-snippet":"max-snippet:-1","max-image-preview":"max-image-preview:large","max-video-preview":"max-video-preview:-1"},"canonical":"https:\/\/grupoestrutural.com.br\/usinas-basalto\/","og_locale":"en_US","og_type":"article","og_title":"Sobre - Usinas Basalto","og_description":"As Usinas Basalto \u00e9 uma empresa especializada em fornecer massa asf\u00e1ltica de alta qualidade para as mais diversas aplica\u00e7\u00f5es. Com anos de experi\u00eancia no mercado, somos reconhecidos pela excel\u00eancia de nossos produtos e pelo compromisso com a satisfa\u00e7\u00e3o de nossos clientes. A massa asf\u00e1ltica \u00e9 um produto de extrema import\u00e2ncia para a constru\u00e7\u00e3o civil, sendo [&hellip;]","og_url":"https:\/\/grupoestrutural.com.br\/usinas-basalto\/","og_site_name":"Usinas Basalto","article_modified_time":"2024-07-31T20:40:27+00:00","og_image":[{"width":1614,"height":643,"url":"https:\/\/grupoestrutural.com.br\/usinas-basalto\/wp-content\/uploads\/2018\/04\/massa-asfaltica.jpg","type":"image\/jpeg"}],"twitter_card":"summary_large_image","twitter_misc":{"Est. reading time":"1 minute"},"schema":{"@context":"https:\/\/schema.org","@graph":[{"@type":"WebPage","@id":"https:\/\/grupoestrutural.com.br\/usinas-basalto\/","url":"https:\/\/grupoestrutural.com.br\/usinas-basalto\/","name":"Sobre - Usinas Basalto","isPartOf":{"@id":"https:\/\/grupoestrutural.com.br\/usinas-basalto\/#website"},"datePublished":"2017-07-30T19:25:07+00:00","dateModified":"2024-07-31T20:40:27+00:00","inLanguage":"en-US","potentialAction":[{"@type":"ReadAction","target":["https:\/\/grupoestrutural.com.br\/usinas-basalto\/"]}]},{"@type":"WebSite","@id":"https:\/\/grupoestrutural.com.br\/usinas-basalto\/#website","url":"https:\/\/grupoestrutural.com.br\/usinas-basalto\/","name":"Usinas Basalto","description":"","potentialAction":[{"@type":"SearchAction","target":{"@type":"EntryPoint","urlTemplate":"https:\/\/grupoestrutural.com.br\/usinas-basalto\/?s={search_term_string}"},"query-input":"required name=search_term_string"}],"inLanguage":"en-US"}]}},"_links":{"self":[{"href":"https:\/\/grupoestrutural.com.br\/usinas-basalto\/wp-json\/wp\/v2\/pages\/5"}],"collection":[{"href":"https:\/\/grupoestrutural.com.br\/usinas-basalto\/wp-json\/wp\/v2\/pages"}],"about":[{"href":"https:\/\/grupoestrutural.com.br\/usinas-basalto\/wp-json\/wp\/v2\/types\/page"}],"author":[{"embeddable":true,"href":"https:\/\/grupoestrutural.com.br\/usinas-basalto\/wp-json\/wp\/v2\/users\/1"}],"replies":[{"embeddable":true,"href":"https:\/\/grupoestrutural.com.br\/usinas-basalto\/wp-json\/wp\/v2\/comments?post=5"}],"version-history":[{"count":17,"href":"https:\/\/grupoestrutural.com.br\/usinas-basalto\/wp-json\/wp\/v2\/pages\/5\/revisions"}],"predecessor-version":[{"id":560,"href":"https:\/\/grupoestrutural.com.br\/usinas-basalto\/wp-json\/wp\/v2\/pages\/5\/revisions\/560"}],"wp:featuredmedia":[{"embeddable":true,"href":"https:\/\/grupoestrutural.com.br\/usinas-basalto\/wp-json\/wp\/v2\/media\/197"}],"wp:attachment":[{"href":"https:\/\/grupoestrutural.com.br\/usinas-basalto\/wp-json\/wp\/v2\/media?parent=5"}],"curies":[{"name":"wp","href":"https:\/\/api.w.org\/{rel}","templated":true}]}}